*y + 12. Let i be s(-6). What is the greatest common factor of 48 and i?
12
Let h be (-1 + 0/6)*-9. What is the highest common divisor of 12 and h?
3
Let i be 0/(3*(-2)/3). Suppose i*y - 560 = -4*y. Calculate the greatest common divisor of y and 20.
20
Suppose a + 14 = 3*a. Suppose 21*w - 17*w - 224 = 0. Calculate the greatest common divisor of a and w.
7
Let y = -10 + 15. Let n(b) = -2*b**3 + 7*b**2 - 1 - 1 - y*b + 3*b**3. Let d be n(-6). Calculate the highest common divisor of 8 and d.
8
Let l = 3 - 5. Let b be 4/l*7/(-2). Suppose 3*p + 26 = 4*w + 253, 2*p = 3*w + 151. What is the highest common divisor of b and p?
7
Suppose 4*n - 3*v - 528 = 0, 3*v - 364 - 32 = -3*n. What is the greatest common divisor of n and 88?
44
Suppose -309 = -3*t + 114. Let a be 1/3 + t/9. Let g(m) = -m**3 - 6*m**2 + 4. Let d be g(-6). Calculate the highest common divisor of a and d.
4
Suppose -3*v + 185 = -118. Suppose 3*j + v = 3*s + 4*j, -2*s + 63 = 5*j. Let n = -31 + 48. Calculate the greatest common factor of s and n.
17
Suppose t = 4*t. Suppose 2*w + w - 3 = t. Calculate the highest common divisor of w and 8.
1
Let i be (-44)/(-33) + (-1)/3. Let q(b) = 2 + 9*b - 2*b - i. Let c be q(3). What is the highest common divisor of 66 and c?
22
Let l(h) = -3*h - 56. Let u be l(-19). Calculate the greatest common divisor of 9 and u.
1
Let o = 9 - -3. Calculate the highest common divisor of 132 and o.
12
Suppose 0*u + 30 = 3*u. Let g = u - -8. What is the highest common factor of g and 90?
18
Suppose 0 = 6*p - 3*p - 45. Let o(y) = -y + 3. Let z = -14 + 7. Let g be o(z). Calculate the highest common factor of p and g.
5
Suppose -4*x + 5*f + 144 = 0, -3*x - 2*f + 108 = -0*f. Calculate the highest common factor of 4 and x.
4
Let l be (-2866)/(-10) - 6/10. Calculate the greatest common divisor of l and 22.
22
Suppose 0 = -j + l + 15, -18 = -5*j - 5*l + 17. Let p = j + -2. Calculate the highest common divisor of 1 and p.
1
Let s = -117 + 132. Calculate the highest common divisor of 20 and s.
5
Suppose -2*p + 7*p - 1360 = 0. What is the greatest common divisor of p and 34?
34
Suppose -33*d = -27*d - 252. Calculate the greatest common divisor of d and 14.
14
Let r be (-2)/4 + (-190)/(-4). Suppose 3*f - 5*v = 7*f - 13, 5*f = 4*v + r. Calculate the greatest common divisor of f and 77.
7
Suppose 3*p = -5*k + 55, 4*p + 3*k - 63 = p. Let t = -79 + 179. Calculate the highest common divisor of t and p.
25
Suppose -3*w + 2*o + 330 - 79 = 0, 4*o = -5*w + 433. Let i = 19 - -21. Suppose i = 2*p - 28. Calculate the highest common divisor of p and w.
17
Suppose 0 = l - 38 - 25. What is the greatest common divisor of l and 7?
7
Suppose 0 = -2*g + 6 + 6. Suppose g*q = 3*q + 15. Suppose -6 = -4*w + 2*o - q*o, -o - 14 = -4*w. Calculate the greatest common factor of w and 21.
3
Let o = 94 + -34. Calculate the greatest common divisor of o and 24.
12
Suppose 0*j - j + 5*q = 8, 4*j - q = 6. Let g(t) = -3*t**2 - 3*t - t**3 - t**2 + 2*t + 0*t**j. Let r be g(-4). What is the highest common factor of 4 and r?
4
Let t(p) = p**2 - p - 1. Let u be t(0). Let o = 12 + u. What is the highest common divisor of 77 and o?
11
Let r be 11 - (4 + -4)/1. Calculate the highest common factor of 11 and r.
11
Suppose x - 5 = 15. Suppose 40 + x = -4*b. Let g = 123 + b. What is the highest common factor of g and 12?
12
Let m(q) = 49*q - 18. Let s(n) = 33*n - 12. Let l(c) = -5*m(c) + 8*s(c). Let o be l(4). Suppose -13 = -v + 1. What is the greatest common factor of v and o?
14
Suppose 67 + 23 = 5*p. Suppose 6*s + 6 = -3*a + 2*s, 2*a = 2*s - p. Let q be (-2 - a)*(-27)/(-2). Calculate the greatest common divisor of q and 6.
6
Let d(i) = i**3 + 22*i**2 + i + 28. Let x be d(-22). Calculate the greatest common divisor of x and 3.
3
Suppose -4*j + 2*j = -66. Calculate the greatest common factor of 22 and j.
11
Let w(k) = 21*k**3 - 2*k + 3. Let f be w(1). What is the highest common factor of f and 88?
22
Let n(j) = j**3 - 11*j**2 - 2*j. Let s = 34 - 22. Let i be n(s). What is the greatest common factor of 15 and i?
15
Let x be -1*(0 + 4) - -102. What is the greatest common factor of 14 and x?
14
Let x(h) = h**2 + h + 72. Let k be x(0). What is the greatest common factor of k and 18?
18
Suppose -35 = -y - 31. What is the highest common factor of 20 and y?
4
Let o = -29 - -13. Let h be 1/(3 + o/6). Calculate the greatest common divisor of h and 15.
3
Let q = 20 + 21. What is the highest common divisor of 451 and q?
41
Let w(z) = z + 5. Let b be w(5). Suppose 5*t = 210 - b. Suppose -5 - t = -c. What is the highest common factor of 5 and c?
5
Suppose -2*f = -6*f + 924. Calculate the greatest common factor of f and 33.
33
Suppose -5 = -4*d + 7. Suppose 3*t + 9 = d*m + 48, -2*t + 31 = -3*m. Calculate the greatest common divisor of 4 and t.
4
Suppose 0 = 5*l + j - 6, -4*l = -j + 6*j - 9. Suppose 16 = 2*h - 4*i + i, 5*i = h - l. Calculate the highest common factor of 11 and h.
11
Let n = -8 + 2. Let x be 4/n - (-66)/(-9). Let y = 10 - x. Calculate the greatest common divisor of y and 2.
2
Suppose -d - 6 = -4*d. Suppose -4*z + 16 = 0, 5*f + 3*z = 80 + 2. Let p = -8 + f. What is the highest common divisor of d and p?
2
Suppose -z + 0*z + 5 = 0. Let n(p) = -14*p**3 + p**2 - p - 1. Let c be n(-1). What is the greatest common divisor of z and c?
5
Suppose 2 + 8 = f. What is the greatest common divisor of 70 and f?
10
Suppose -3*q - 63 = -3*r, 26 = 4*r + q - 73. Let v = -14 + r. Calculate the greatest common divisor of 80 and v.
10
Let p be ((-5)/((-30)/(-164)))/((-2)/3). What is the highest common divisor of p and 451?
41
Let z(o) = -o**2 + 16*o - 3. Let k be z(15). Suppose 3*i - 2*i - 61 = -c, -4*c = -3*i + 176. What is the greatest common divisor of k and i?
12
Suppose 2*v + 11 - 43 = 0. Suppose 0 = -3*z - 5*r + v, -4*z + 2 + 30 = -4*r. What is the highest common divisor of 7 and z?
7
Let a be (1 - 3)/((-16)/(-18) - 1). Calculate the highest common divisor of 9 and a.
9
Let b(s) = 21*s**2 - 2*s. Let m be b(-2). Calculate the highest common factor of m and 33.
11
Suppose 0 = 29*q - 27*q - 36. Calculate the highest common factor of 6 and q.
6
Suppose -5*s = -l + 40 + 9, 5*s = 5*l - 225. Let y(u) = u**3 + u**2 - u + 1. Let n be y(2). What is the highest common factor of l and n?
11
Let v(h) be the third derivative of -h**6/120 + h**5/10 + h**4/12 + 7*h**3/6 + h**2. Let a be v(6). What is the highest common divisor of a and 76?
19
Suppose 13 = -5*m - 2. Let x be (-9 + -15)/(2/m). What is the greatest common divisor of 54 and x?
18
Let n = 34 + -30. Calculate the highest common factor of 1 and n.
1
Let t be 7/28 + (-6)/(-8). Let i be 7/(t/(-1) + 2). What is the greatest common factor of 70 and i?
7
Suppose -72 = 5*a - a. Let r = -11 - a. Suppose 0 = -3*b - 0*b - 4*n + r, -4*n = 4*b - 8. Calculate the highest common factor of b and 9.
1
Let x = -2 + 5. Let a(g) = 3*g**2 + 4*g - 3. Let i be a(x). What is the greatest common divisor of 4 and i?
4
Let j = 2 - -2. Suppose 5*l + 10*h - 6*h = 15, -j*l - 4*h + 8 = 0. Calculate the highest common factor of 63 and l.
7
Let g = 9 + -4. Let x(o) = o - 2. Let t be x(g). Calculate the highest common divisor of 12 and t.
3
Let m(z) = z**3 + 2*z**2 - z + 1. Let w be m(-3). Let v = -3 - w. Suppose v*i - 15 = 9. What is the greatest common factor of 12 and i?
12
Let h be (1 - 2)*-2*-8. Let m be 15/(-10)*h/(-3). Let i(f) = -f**3 - 7*f**2 + 9*f + 11. Let q be i(m). Calculate the greatest common divisor of q and 2.
1
Let c(s) = 8*s + 9. Let j be c(5). Calculate the greatest common factor of 7 and j.
7
Suppose 5*q + 4*u = -11, 4*q + 3*u + 10 = u. Let k be (-1)/q - (-70)/15. Suppose p = 9 - 4. What is the greatest common divisor of p and k?
5
Suppose -70 = -4*n - 3*q, 2*n + 2*n = 2*q + 60. Calculate the highest common divisor of 64 and n.
16
Let f = 39 - 27. Let j(a) = 4*a**2 + 25*a + 63. Let v be j(-3). Calculate the highest common divisor of v and f.
12
Let u(r) = 2*r**2 - 20*r - 7. Let v be u(11). Calculate the greatest common factor of 30 and v.
15
Let n be (-4)/(-10) + 6/10. Suppose -4*j - 8 = -3*s, -4*s = -0*s - j - 28. Calculate the highest common factor of n and s.
1
Let p = -146 + 258. What is the highest common factor of p and 14?
14
Let m(c) = c**3 + 9*c**2 + 5*c - 2. Let d be m(-8). Calculate the gre